 common divisor of 148140 and 12600?
180
Calculate the highest common factor of 35574 and 2991450.
3234
Calculate the highest common factor of 27591576 and 8451.
939
Calculate the greatest common divisor of 295 and 8147015.
295
Calculate the highest common divisor of 524 and 1547309644.
524
What is the greatest common factor of 181842864 and 29008?
4144
Calculate the greatest common divisor of 1471995 and 36330.
105
What is the highest common factor of 78870 and 23980?
110
Calculate the greatest common factor of 225922 and 44548.
3182
Calculate the greatest common divisor of 5504 and 851486.
86
What is the greatest common factor of 1272 and 46698936?
1272
Calculate the greatest common factor of 536001 and 229920.
1437
Calculate the highest common divisor of 301 and 43602043.
43
What is the greatest common factor of 11906523 and 21?
3
Calculate the highest common factor of 250907036 and 2114.
302
Calculate the greatest common divisor of 7852 and 806944.
604
Calculate the highest common factor of 959355 and 315.
45
Calculate the highest common factor of 484 and 112354.
22
Calculate the greatest common divisor of 8712 and 55796004.
4356
Calculate the highest common factor of 630 and 1837430.
70
Calculate the highest common divisor of 345984984 and 1368.
1368
What is the highest common factor of 345 and 5677635?
15
Calculate the highest common divisor of 147428379 and 315.
63
Calculate the greatest common factor of 1066 and 95653.
41
Calculate the greatest common factor of 301587483 and 1623.
1623
Calculate the highest common factor of 29548 and 1496324.
332
Calculate the highest common factor of 748628 and 443500.
3548
Calculate the highest common divisor of 534534 and 4017.
39
Calculate the highest common divisor of 2978863 and 10712.
103
What is the greatest common factor of 552 and 1739784?
24
Calculate the highest common factor of 823350 and 960.
30
What is the greatest common divisor of 608 and 382328?
8
What is the highest common divisor of 310937 and 1088406?
253
Calculate the greatest common divisor of 229653 and 9063.
171
What is the greatest common divisor of 39544477 and 8295?
553
Calculate the greatest common factor of 14300 and 7187400.
1100
What is the highest common divisor of 39 and 31342389?
39
What is the greatest common factor of 442408 and 2312?
136
What is the highest common divisor of 1795914 and 47226?
102
Calculate the highest common divisor of 25058 and 178274002.
2278
What is the highest common divisor of 2263773 and 201795?
3669
What is the highest common divisor of 29561529 and 2043?
681
Calculate the greatest common factor of 258 and 101358.
6
What is the highest common factor of 703484 and 165682?
886
What is the highest common divisor of 115239 and 837810?
321
What is the greatest common factor of 1004670 and 30285219?
11163
Calculate the highest common divisor of 556 and 10141162.
278
What is the greatest common divisor of 5420 and 75701140?
5420
What is the highest common divisor of 1059150 and 337525?
575
Calculate the highest common factor of 44 and 15172047.
11
Calculate the highest common factor of 521696816 and 816.
272
What is the highest common divisor of 134329 and 15392?
13
What is the greatest common divisor of 1184345110 and 5275?
1055
What is the greatest common factor of 9121905 and 4433?
403
What is the greatest common divisor of 1547195 and 416585?
845
Calculate the greatest common divisor of 9490 and 19540640.
730
Calculate the greatest common divisor of 24661 and 249704.
91
Calculate the highest common factor of 184 and 471362.
46
Calculate the greatest common factor of 1250 and 467380.
10
What is the highest common factor of 100 and 541172?
4
Calculate the greatest common factor of 306832 and 889.
127
What is the greatest common factor of 8 and 95717512?
8
Calculate the highest common divisor of 600903 and 9487.
179
Calculate the highest common factor of 3618640 and 790.
10
What is the greatest common factor of 31346575 and 1170?
65
Calculate the greatest common divisor of 5644 and 528959.
83
What is the greatest common divisor of 658996 and 63986?
598
What is the highest common factor of 97964658 and 99?
99
Calculate the greatest common factor of 46772 and 22790720.
4252
Calculate the highest common factor of 2755925 and 16450.
25
What is the greatest common divisor of 791792 and 4624?
272
Calculate the greatest common divisor of 448 and 5584448.
64
Calculate the highest common divisor of 4346 and 259899.
41
What is the greatest common divisor of 3712 and 65364608?
3712
Calculate the highest common factor of 36190 and 19915.
35
Calculate the highest common divisor of 13373936 and 1008.
16
Calculate the greatest common divisor of 7052 and 15537319.
1763
What is the highest common factor of 23901915 and 12864?
201
What is the highest common factor of 21424 and 156475540?
5356
What is the greatest common divisor of 4975749 and 74499?
3921
Calculate the highest common factor of 4004 and 88431.
7
Calculate the highest common divisor of 247 and 630929.
13
Calculate the greatest common factor of 358764 and 76.
4
Calculate the greatest common divisor of 2233 and 15702775.
319
What is the greatest common factor of 24997 and 16887259?
3571
What is the highest common factor of 1790 and 10908260?
1790
What is the highest common divisor of 187218 and 118044?
54
Calculate the highest common divisor of 50397 and 7423431.
471
What is the highest common factor of 492813 and 34068?
51
What is the greatest common divisor of 849 and 206228609?
283
What is the highest common divisor of 9264 and 228156?
12
What is the highest common divisor of 29 and 375010861?
29
What is the highest common divisor of 13835565 and 3537?
1179
What is the greatest common divisor of 1410 and 4133885?
235
Calculate the greatest common divisor of 190 and 5692910.
10
What is the highest common factor of 12 and 97765662?
6
What is the greatest common factor of 2288 and 2098844?
44
Calculate the highest common factor of 453 and 13804873.
151
Calculate the highest common divisor of 42058 and 119323.
17
Calculate the greatest common factor of 276 and 256467900.
12
What is the highest common factor of 120620 and 71965?
185
Calculate the greatest common factor of 931 and 37677.
19
Calculate the greatest common divisor of 237481621 and 3341.
3341
What is the highest common factor of 59286 and 758668?
482
Calculate the highest common divisor of 110 and 5280946.
22
What is the highest common divisor of 34043 and 705094?
577
Calculate the greatest common divisor of 1568 and 58901038.
98
Calculate the highest common factor of 968 and 31519532.
484
What is the greatest common factor of 335039 and 13706912?
4241
What is the highest common divisor of 5729895 and 27?
9
Calculate the greatest common divisor of 719592 and 816.
24
Calculate the greatest common factor of 5591144 and 54834.
962
What is the highest common divisor of 6369562 and 688318?
3494
What is the greatest common divisor of 93021804 and 58815?
11763
Calculate the highest common divisor of 1110852715 and 785.
785
What is the highest common factor of 10 and 2259098950?
10
What is the highest common factor of 8361825 and 75?
75
Calculate the greatest common divisor of 12670 and 3800370.
70
Calculate the highest common factor of 442780 and 17816.
524
Calculate the greatest common divisor of 62254 and 143548.
34
Calculate the greatest common factor of 18929 and 30716006.
823
What is the greatest common factor of 145248 and 3570?
102
What is the greatest common factor of 522 and 3914710?
58
What is the greatest common divisor of 4625691 and 5124?
1281
What is the highest common factor of 2076 and 513442029?
519
Calculate the greatest common factor of 24570 and 2491965.
945
What is the greatest common factor of 3164 and 24822145?
113
Calculate the highest common divisor of 3566 and 32042.
2
Calculate the greatest common divisor of 9 and 586593.
9
What is the highest common factor of 14548 and 11409?
1
Calculate the highest common divisor of 36 and 15389523.
9
What is the greatest common divisor of 412370 and 4384?
274
What is the highest common divisor of 168921 and 156591?
1233
Calculate the greatest common factor of 687 and 271801932.
687
What is the highest common divisor of 864 and 1226